 1. Let v be l(2). Suppose -f + v*k - k = 4, -5*k = -2*f - 9. What are the prime factors of (-15)/f*8/6?
2, 5
Suppose 12*z - 8*z = 492. List the prime factors of z.
3, 41
Let k(j) = 5*j - 1. Let d be k(1). Suppose d*f - 8 = -0. Suppose f*h + 10 = 32. What are the prime factors of h?
11
Let x(p) = -p**2 + 4*p + 2. Let w be x(3). Suppose w*o - n = o + 98, o + 5*n - 35 = 0. Suppose 0 = 4*b + o - 73. What are the prime factors of b?
2, 3
What are the prime factors of 1/(-2) - 348/(-8)?
43
Let c = -6 - -8. Suppose 2*t - 2 = c. List the prime factors of t.
2
Suppose 0 = -4*z - 4, 0*o - o + 9 = z. List the prime factors of o.
2, 5
Let l(p) = 2*p - 5. Let n be l(5). Suppose -n*t = 2*z - 6*z - 26, z = -2*t. What are the prime factors of t?
2
Suppose -4*w - 70 = o - 4*o, -o = 3*w - 45. What are the prime factors of o?
2, 3, 5
Let n(a) = -a + 8. Let b be n(11). Let c = 6 + b. Suppose 4*z - 69 = -3*h, -c*z + 4*z - 21 = 3*h. List the prime factors of z.
2, 3
Let p(g) = g**2 + 2*g - 5. Let y be p(-4). Let f be ((-2)/4)/((-1)/4). Suppose -5*r + 11 = -2*w, y*r - 19 = -2*r - f*w. What are the prime factors of r?
3
Suppose 5*r = -10, 0*r - 11 = -b + 5*r. Let w be (b + 2 + 7)/2. List the prime factors of (1/2)/(w/190).
19
Suppose 3*m + 93 = 3*b, -3*b + 118 = -4*m + 20. List the prime factors of b.
2, 13
Let t = 3 - 5. Let j = t - -2. List the prime factors of j + (3 - 1) + 3.
5
Let g(i) be the third derivative of i**5/60 - i**4/8 + i**3/2 + 3*i**2. Let h be g(3). Let s(o) = 4*o - 4. List the prime factors of s(h).
2
Let d(y) be the second derivative of -y**5/20 + y**4 - 2*y**3 + 9*y**2/2 + 4*y. Let f be d(11). Let s = f + 6. What are the prime factors of s?
2
Let w(i) = i**3 - 4*i**2 - 7*i + 6. Let c be w(5). Let l = -13 - c. Let b = 3 - l. What are the prime factors of b?
2, 3
Let r(x) = x**3 + 6*x**2 + 6*x + 5. Let t be r(-5). Suppose t*o + 2*o - 6 = 0. Suppose o*n + 3*w = 24, -2*w = -2*n - w + 22. List the prime factors of n.
2, 5
Let x = 58 + -18. List the prime factors of x.
2, 5
Let t(k) = k**2 - k - 7. Let m be t(5). Let u = m - 9. Let y = 3 + u. What are the prime factors of y?
7
Let z(r) = 32*r**2 + 3*r - 8. What are the prime factors of z(2)?
2, 3, 7
Let i = 369 + -242. List the prime factors of i.
127
Let o(y) = y - 3. Let x be o(8). Suppose 0 = -x*t - 2*b - 12, -5*t - 8 = -2*t + 2*b. List the prime factors of t + (19 - 3/1).
2, 7
Let a(v) = 21*v**2 - 2*v + 1. What are the prime factors of a(1)?
2, 5
Let i(v) = 12*v**2 - 3*v + 9. List the prime factors of i(-3).
2, 3, 7
Let h(j) = 2*j**2 + 6*j - 1. Let f(m) = -2*m - 5. Let i be f(-4). Let n = i + -8. What are the prime factors of h(n)?
19
List the prime factors of 6/15 - 1076/(-10).
2, 3
Let t be (1/2)/((-2)/(-108)). Let y(f) = f**3 - f + 2. Let u be y(0). Suppose -r - u*r = -t. List the prime factors of r.
3
Suppose -180 = -3*u + 2*l, 0 = 4*u + 5*l - 81 - 182. What are the prime factors of u?
2, 31
Suppose -2*k + 46 = 4*h - 0*k, -2*k = -4*h + 50. Suppose 5*p = -3*m + h, -m - 3*p - p = 3. List the prime factors of m.
3
Suppose -5*g - 10 = 0, f - 4*g - 20 = 9. List the prime factors of f.
3, 7
Let r = -2 + 9. Suppose -125 = 2*v - r*v + 3*z, -3*v = -z - 79. Suppose -2*m + v = 2*m. List the prime factors of m.
7
Suppose 0 = -h - 3*p + 19, -4*p - 4 = -24. Suppose 3 = -r - 4*q + q, h*r = 5*q + 22. List the prime factors of r.
3
Suppose 0*i = -5*r + 4*i + 45, -5*r = -i - 30. Suppose 0*m + 4*m - 120 = -4*o, -4*o = r*m - 121. List the prime factors of o.
29
Let w(u) = -u**3 - 5*u**2 - 4*u. Let c be w(-4). Suppose 0 = -s + 2*g + 12, -4*s + 4*g - g + 23 = c. List the prime factors of s/(-4) - 9/(-2).
2
Let n be (19/(-2))/((-2)/4). Suppose -5*g = 16 + n. Let t(i) = -i**3 - 8*i**2 - 11*i - 6. List the prime factors of t(g).
2, 11
Suppose -s - 17 = -87. What are the prime factors of s?
2, 5, 7
Let r(y) = 2*y - 3. Let w be r(2). What are the prime factors of 20/(2/w) + 3?
13
Let b(h) = h**3 - 7*h**2 + 2*h - 9. Let s be b(7). Suppose s*u - 4 = 41. What are the prime factors of u?
3
Suppose 3*c = -3*j + 5*j - 174, 2*c = -5*j + 473. What are the prime factors of j?
3, 31
Suppose -4*s = -3*s - 1. Suppose -s = -0*h + h. List the prime factors of (5/(-4) - h)*-20.
5
Suppose -3*t + 97 = -14. Let f = t + -21. What are the prime factors of f?
2
Suppose 313 = 2*j + 2*q - 247, -2*q - 825 = -3*j. What are the prime factors of j?
277
Let c(w) = w**3 - 2*w**2 + 12 - 4 - 3*w**2 - 7*w. Let g be c(6). What are the prime factors of 5/((-25)/g)*-20?
2
Let j be -2*2*3/6. List the prime factors of (j/(-3))/((-1)/(-18)).
2, 3
Let k = 66 - 43. Let v = -14 + k. Suppose -5*u = -v - 46. What are the prime factors of u?
11
Let c be (14/49)/((-2)/(-28)). Suppose -63 = -3*h + 3*r, 0 = -3*h - r - c*r + 31. What are the prime factors of h?
17
Let x be ((-20)/(-6))/((-3)/(-9)). Let f be (-15)/6*(-12)/x. Suppose 2*a - 11 = -2*a + f*v, a + 2 = -4*v. List the prime factors of a.
2
Let d be 74/14 - (-14)/(-49). Suppose -2*k = 4*x - 100, 68 = d*x - 5*k - 27. What are the prime factors of x?
23
Suppose q - 5*a - 101 = -2*q, 2*q - 34 = -5*a. Suppose 0 = 3*v - 4*l - q - 41, -4*v = -l - 69. List the prime factors of v.
2
Suppose -4 = 3*q + 2. Let j be (-1 - q)*-2*-1. Suppose -19 - 5 = -j*g. What are the prime factors of g?
2, 3
Let j = -30 + 43. What are the prime factors of j?
13
Let w(b) = b**2 - 2*b + 7. List the prime factors of w(7).
2, 3, 7
Suppose 3*q - 4 = q. Suppose 18 - 3 = 5*n. List the prime factors of 5 - n/(-6)*q.
2, 3
Suppose 0 = 2*h + 4*x - 126, -x - 158 - 113 = -5*h. List the prime factors of h.
5, 11
Let p(y) = -2*y + 7. List the prime factors of p(-14).
5, 7
Let q(p) = p + 1. Let g be q(-5). List the prime factors of g*((-6)/(-4) + -2).
2
Let y(i) = -8*i - 8. Let s be y(-4). Suppose 14 = c - s. List the prime factors of c.
2, 19
Suppose 3*v - 5 = -2. Let f = 4 - v. List the prime factors of f.
3
Suppose -3*j = 54 + 42. Let t = -9 - j. What are the prime factors of t?
23
List the prime factors of (-16 + -2)*(2 - (-28)/(-12)).
2, 3
Let s(n) = 2*n**2 - 6*n + 1. Let j be s(4). Let u = j - 7. List the prime factors of u.
2
Let f = -9 + 20. List the prime factors of (f + -1)*4/8.
5
Suppose 50 - 15 = -r. Let m be (-2)/(-8) - r/20. Suppose m = 2*b, -4*b - 24 = -2*x - 2*x. List the prime factors of x.
7
Let h(a) = -4*a**2 - 2*a. Let i(u) = u**2 - u. Let s(l) = h(l) - 2*i(l). Let j be s(1). What are the prime factors of 4/j - 11/(-3)?
3
Let k(g) = -g**2 - 8*g - 13. Let p be k(-9). Let z = -16 - p. What are the prime factors of z?
2, 3
Suppose 3*t = 2*t - 2, 70 = 4*m - t. Suppose -5*u - 2 = -m. Suppose 21 = u*v - 15. What are the prime factors of v?
2, 3
Suppose -r - 2*q + 3 = 0, -6*r + 2*q = -2*r + 38. Let b(a) = -5*a - 5. Let k(o) = -14*o - 15. Let j(d) = -11*b(d) + 4*k(d). What are the prime factors of j(r)?
2
Let n be (-4)/(-12)*6 - 34. List the prime factors of (0 + -3)*1 - n.
29
Let h = 3 - 15. List the prime factors of h/(-1 + 0/(-3)).
2, 3
Suppose q - 111 = 4*o, -q + 146 = -o + 4*o. List the prime factors of q.
131
Suppose -4*f + y = -4*y - 95, -3*f - y + 76 = 0. Suppose 72 = -7*r + 3*r. Let u = r + f. What are the prime factors of u?
7
Let a = -5 - -16. What are the prime factors of a?
11
Let y(m) = 2*m + m + 2 - 4*m. What are the prime factors of y(-7)?
3
Let j = -5 - 0. Let f = j - -7. Suppose 2*v - 6 + f = 0. List the prime factors of v.
2
Let m = 10 + -9. Let n be (m - 3 - -4) + 4. Suppose 5*d + 4*h - 112 = 0, n*h = -3*d + 2*h + 72. List the prime factors of d.
2, 5
Let b = 1 - -3. Suppose -u - b*r - 38 = -2*u, 2*u - 2*r - 70 = 0. List the prime factors of u.
2, 17
Suppose 0 = 2*l + 2*s - 60, 0 = -s - 1 + 3. List the prime factors of l.
2, 7
Let w(q) = q - 5. Let c(p) = 8*p**2 - 2*p - 1. Let x be c(-1). What are the prime factors of w(x)?
2
Let a(y) = 6*y - 4. Let j be a(5). List the prime factors of -1 - 3/((-6)/j).
2, 3
Let x = -1 + 43. Suppose -3*d + x = -3*i, 4*d + i - 54 = 17. List the prime factors of d.
17
Suppose 0 = 3*o - 5*l - 2 + 38, -3*l + 9 = 0. What are the prime factors of ((-12)/o)/(7/49)?
2, 3
Let b(r) = 2*r + 3. Let i be b(6). Suppose -n - 2 + i = 0. What are the prime factors of n?
13
Let j be (-8)/(-20) + 2/(-5). Suppose j*s + 6 = 2*s. Let g = s - 0. List the prime factors of g.
3
Suppose 4*a + 2*j = -j - 43, 